 k(19). Suppose 6*i - 4*i = -3*o + 15, 0 = 2*o + 5*i - 10. Suppose -8*c + 1989 = o*c. What is the highest common divisor of l and c?
17
Let z be (-3 + (-4)/(-16))/((-41)/164). Calculate the greatest common factor of z and 89.
1
Suppose -3 = n, 16*n - 324 = -3*j + 14*n. What is the highest common divisor of 176 and j?
22
Let f(d) = 2*d**2 + 17*d + 6. Let z be f(-9). Let v = z - 7. Suppose 55 = -v*c + 231. What is the greatest common divisor of c and 22?
22
Let o be -8*8/(-32) + 4 - -162. Calculate the highest common divisor of 30 and o.
6
Suppose -133 - 192 = -5*j. Suppose -11*c + 62 = 7. What is the greatest common divisor of j and c?
5
Suppose -2*z = 3*z - 10. Let l(r) = -52 + 25*r + 26 + 23. Let p be l(1). Calculate the highest common factor of z and p.
2
Suppose -140 = -0*p - 4*p. Let o = -23 + p. Suppose 284 + 16 = 5*b. Calculate the greatest common divisor of o and b.
12
Suppose -6*g + 2977 - 1609 = 0. Calculate the greatest common divisor of g and 1026.
114
Let u = 317 - 299. What is the greatest common divisor of 8 and u?
2
Suppose 3*z + k - 794 = 112, -1517 = -5*z - 4*k. What is the highest common factor of z and 215?
43
Let b = -107 + 101. Suppose 0 = -0*g - 2*g + 2, 2*r = -g - 227. Let w be ((-15)/b)/((-3)/r). What is the highest common divisor of w and 38?
19
Suppose -3*n - 2*p = -11 + 108, 4*n - 3*p + 152 = 0. Let x be -1*(-2)/(-5) - 644/n. Calculate the greatest common factor of 477 and x.
9
Let q be ((-1 - -7) + (3 - -9))*(21 - 20). Let o(a) = 22*a**2 - 1. Let t be o(1). Calculate the greatest common divisor of t and q.
3
Suppose -4*g - 37 = 3*i - 3*g, -3 = 2*i + 5*g. Let f = -12 - i. Suppose 0 = -2*h - 2*u + 6, -f*h = -u - 3. What is the highest common factor of 6 and h?
2
Suppose 875 = 679*p - 644*p. Calculate the highest common factor of 2850 and p.
25
Let f = 333 + -243. Let a = 70 + -26. Let h = f - a. What is the greatest common divisor of 322 and h?
46
Let n be 4 + (-5 - -4) + 66. Suppose 115 = 6*x - 11*x. Let l = x + n. Calculate the highest common factor of l and 69.
23
Let v(c) be the third derivative of c**4/8 + 5*c**3/6 + 17*c**2. Let t be v(-7). Let y be t/((-2)/8*2). Calculate the highest common divisor of 288 and y.
32
Suppose 0 = -13*p + 29*p + 74*p - 540. Calculate the greatest common divisor of 264 and p.
6
Let n = -14317 + 14347. Calculate the highest common factor of n and 16660.
10
Suppose 266*m - 219*m - 44744 = 0. What is the greatest common divisor of m and 112?
56
Suppose 8 = h - 5*h, -5*h = 4*b - 2. Let i(k) = 16*k**3 - k**2 + 7*k - 15. Let q be i(b). Calculate the highest common divisor of 11 and q.
11
Let c be 15*(-18)/(-3) - 0. Let u be 1904/28 + (-12)/(-10)*(-60)/9. What is the highest common divisor of c and u?
30
Let n(f) = -f**2 - 5*f + 4. Let i = 0 - 6. Let t be n(i). Let z be (t/(-6))/(7/651). Calculate the greatest common divisor of 279 and z.
31
Suppose 20 = -2*p + z + 6, 3*p = 3*z - 27. Let n be ((-35)/(-2))/p*(-24 - 2). Let l(t) = -4*t - 1. Let a be l(-2). What is the highest common factor of a and n?
7
Let r(h) = -h**2 - 5*h - 3. Let x be r(-3). Suppose i = -x*i + 108. Let s be 25 - -35*(-7)/35. Calculate the highest common factor of i and s.
9
Let c(v) = -v**2 - 105*v - 1843. Let m be c(-32). What is the greatest common factor of 1044 and m?
29
Suppose 3*j = 3*m - 417, 5*m - 4*j - 312 - 388 = 0. What is the greatest common divisor of m and 816?
48
Let k = 1697 - -795. Suppose -k = -31*w + 3212. Calculate the highest common factor of w and 23.
23
Suppose 3293 = 5*g + 2*o, -19*g - 4*o + 1973 = -16*g. Let d = 719 - g. Calculate the highest common divisor of d and 270.
30
Let t = -37 - -358. What is the highest common divisor of 9 and t?
3
Let m(w) = w**3 + 21*w**2 + 35*w - 25. Let k be (-58)/3 + ((-30)/(-9) - 3). Let r be m(k). Let h = -31 + r. What is the greatest common divisor of 7 and h?
1
Let j = 45 + 23. Let a be 38/(-10) + 468/260 + 6. Calculate the greatest common factor of j and a.
4
Let w be 4/(-10)*15/(-1). Suppose -3*n + w + 3 = 0. Let s(l) = l**2 + 10*l + 19. Let g be s(-8). What is the greatest common factor of g and n?
3
Suppose -3*s + 69 = s + v, -5*v - 15 = 0. Suppose -14*y + 2647 + 1385 = 0. What is the highest common divisor of s and y?
18
Suppose 25*c = 10*c + 7665. Let q = c - -65. Calculate the highest common divisor of 18 and q.
18
Suppose i + 230 = 5*g, -4*g + 2*g + i = -89. Let c be (-17)/17 + -1 + g. Suppose -112 = 44*p - c*p. Calculate the highest common divisor of 16 and p.
16
Let p(c) = -31*c - 1126. Let s be p(-37). Let m = 7 + -1. Calculate the highest common divisor of s and m.
3
Let f(y) = 46*y - 89. Let j be f(2). Suppose -j*a = 15, a - 4*a = -2*z + 19. What is the greatest common divisor of 102 and z?
2
Let l(h) = h**3 + 125*h**2 + 3443*h + 42. Let x be l(-81). What is the greatest common factor of 102 and x?
51
Suppose -68*s + 3106 = -1586. What is the greatest common factor of s and 29049?
69
Suppose 0 = -2*b + 8, 47*b = -3*u + 43*b + 22. Suppose 0*m - 2*m + 30 = 0. What is the greatest common factor of m and u?
1
Suppose -2*m - 2*m - 5*x = -1602, 4*x = -m + 395. Let r(o) = 5*o**2 + 82*o - 229. Let a be r(3). Calculate the highest common divisor of m and a.
31
Let t = -39164 - -39167. What is the highest common divisor of t and 3603?
3
Suppose -5*o = -3*r - 7*o + 1226, 0 = r - 2*o - 398. Suppose -464 = -x - 3*x. What is the greatest common divisor of r and x?
58
Let s = 35 - 45. Let q be (3/(-6))/(-1) - 195/s. Let o be (-18)/15*300/(-9). What is the highest common factor of o and q?
20
Let g = 373 + -301. Suppose 5*z - z = 72. What is the highest common factor of g and z?
18
Let w = -1572 + 1603. Let y be 2596/12 - (-4)/6. Calculate the highest common factor of w and y.
31
Suppose 0 = y - 5*j - 39, 2*y + 49 = 5*y + 2*j. Let m = y + -13. Suppose m*s - 18 = 4*s. What is the highest common factor of s and 1?
1
Let c be (-4 - -3) + -1 + -1. Let v be (25/(-10) - c)*10. Suppose -3*y - 17 = -2*s, 8 = 5*s - v*y - 37. What is the highest common factor of s and 90?
10
Let h(f) = f**3 - f**2 + 10*f + 30. Let j be h(0). Calculate the greatest common factor of j and 456.
6
Suppose -220 = -3*y - 4*f, -5*f = -0*y + 2*y - 135. Suppose 0 = -380*d + 361*d + 47 + 143. What is the highest common factor of d and y?
10
Let a be (-184)/(-18) - (-20)/(-90). Suppose -7*l - 9 = -a*l. Suppose -4*j + 102 = -2*w, -3*w - 9 = -0*w. Calculate the highest common divisor of j and l.
3
Let i(v) = 529*v**2 + 239*v + 969. Let q be i(-4). What is the greatest common factor of q and 245?
49
Let x = 23 - 19. Suppose -13*v + 35 + x = 0. Suppose 3*z + 5*n = 371, -3*z + v*n - n = -364. Calculate the greatest common factor of 61 and z.
61
Let t(o) = o**3 + 5*o**2 - 4*o - 4. Let w be t(-6). Let z(q) = 6*q + 18. Let n be z(w). Let d = n + 158. Calculate the greatest common factor of d and 10.
10
Suppose -15 = a - 23. Suppose -p + 45 = a*p. Suppose -m = 2*u - 17, p*m - 3*m - 41 = -5*u. Calculate the highest common factor of u and 35.
7
Suppose -317 = -17*t - 266. Calculate the greatest common factor of t and 39.
3
Let a be 306/15 + 12/20. Suppose 0 = -23*j + a*j + 114. Suppose -2*o = o - 4*p - 61, -2*p - 2 = 0. What is the greatest common divisor of j and o?
19
Suppose 22*h - 352 = 308. Suppose 4*s = 5*p - 29, 3 = 3*s - s + p. Let j = s - -61. What is the greatest common factor of h and j?
30
Suppose 237362 = 39*f + 3284. Calculate the greatest common divisor of f and 4.
2
Let p be (-4)/(-10) + 1974/15. Suppose -8*y + 12*y = -132. Let l = p + y. Calculate the greatest common divisor of 33 and l.
33
Let g(h) = 88*h - 1. Let s be g(-1). Let o = -29 - s. Suppose 4*p - 3*d = o, 5 = -d + 1. Calculate the greatest common factor of 12 and p.
12
Let g(z) = 13*z + 13771. Let t be g(113). Calculate the greatest common factor of t and 360.
120
Let o = -55 - -66. Let f = 35 - o. Suppose -c + 3*z = -z + 14, 4*c + 4*z - 44 = 0. What is the highest common factor of f and c?
6
Let b be ((3 - 4) + -2 + 5)*(141 + -133). Let p be 4/((-6)/(-3)) - -6. Calculate the highest common factor of b and p.
8
Let s be ((-14)/119 - (-40)/51) + 782/69. What is the greatest common factor of 708 and s?
12
Let g be (-2)/9 + -2*4075/(-225). What is the greatest common divisor of 29124 and g?
36
Let j(c) = -2*c**3 - 9*c**2 - 46*c + 1